{"id":54,"date":"2019-08-12T11:31:55","date_gmt":"2019-08-12T09:31:55","guid":{"rendered":"http:\/\/gral53.fr\/?page_id=54"},"modified":"2026-04-24T21:12:26","modified_gmt":"2026-04-24T19:12:26","slug":"inscriptions-tarifs","status":"publish","type":"page","link":"https:\/\/gral53.fr\/index.php\/inscriptions-tarifs\/","title":{"rendered":"Inscriptions &#8211; Tarifs"},"content":{"rendered":"<h3>Adh\u00e9sion de mi-saison 1er mai &#8211; 30 juin 2026<\/h3>\n<p>Pour les personnes qui souhaitent rejoindre le GRAL\u00a0et prendre une adh\u00e9sion \u00e0 partir du 1er mai, les tarifs changent.<\/p>\n<p>L&rsquo;adh\u00e9sion passe \u00e0 170\u20ac et donne acc\u00e8s aux cr\u00e9neaux autonomes dont les horaires sont indiqu\u00e9s \u00e0 <a href=\"https:\/\/gral53.fr\/index.php\/horaires\/\">cette page<\/a> \u00e0 partir du 1er mai et jusqu&rsquo;au 30 juin.<\/p>\n<p>Cette adh\u00e9sion peut \u00eatre r\u00e9gl\u00e9e en ligne en suivant ce\u00a0<a href=\"https:\/\/www.helloasso.com\/associations\/gral\/adhesions\/formulaire-adhesion-club-ffme-mi-saison-2025-2026\">lien<\/a><\/p>\n<p>Pour toute question, n&rsquo;h\u00e9sitez pas \u00e0 contacter Marie \u00e0 marietilloy@gral53.fr.<\/p>\n<h3>R\u00e9inscription saison 2025 &#8211; 2026<\/h3>\n<p>Grimpeuses, grimpeurs,<\/p>\n<p>Pour la saison 2025-2026, nous testons un nouveau mode d&rsquo;inscription au club.<\/p>\n<p>Toutes les inscriptions pour les adultes et \u00e9tudiants, en cr\u00e9neaux libres et aux cours, se font d\u00e9sormais par Helloasso \u00e0 partir de la mi-juin.<\/p>\n<p>Pour les paiements par carte bancaire, tout se fait sur Helloasso \u00e0 partir de ces 3 liens :<\/p>\n<ul>\n<li><a href=\"https:\/\/www.helloasso.com\/associations\/gral\/adhesions\/formulaire-adhesion-club-ffme-saison-2025-2026\">Adh\u00e9sion<\/a><\/li>\n<li><a href=\"https:\/\/www.helloasso.com\/associations\/gral\/adhesions\/cours-debutants-adultes-2025-2026-paiement-par-cb-2\">Cours d\u00e9butants adultes<\/a><\/li>\n<li><a href=\"https:\/\/www.helloasso.com\/associations\/gral\/adhesions\/cours-perfectionnement-adultes-saison-2025-2026-paiement-par-cb-2\">Cours perfectionnement adultes<\/a><\/li>\n<\/ul>\n<p>Pour payer tout ou partie de votre adh\u00e9sion en ch\u00e8que, ch\u00e8ques vacances, coupons sport, ch\u00e8ques up, e-pass ou pass sport, r\u00e9gler en plusieurs fois, ou b\u00e9n\u00e9ficier du tarif famille :<\/p>\n<p>Vous devez remplir le dossier papier disponible en bas de cette page (Fiche inscription 2025-2026) \u00e0 remettre \u00e0 Nathalie (Nathalie LOZANO 13 rue du Lac 53170 Villiers-Charlemagne) ou aux responsables de salle<\/p>\n<p>ET vous inscrire sur Helloasso par les liens suivants (tarif \u00ab\u00a0Gratuit\u00a0\u00bb)<\/p>\n<ul>\n<li><a href=\"https:\/\/www.helloasso.com\/associations\/gral\/adhesions\/adhesion-au-gral-2025-2026-autres-reglements\">Adh\u00e9sion<\/a><\/li>\n<li><a href=\"https:\/\/www.helloasso.com\/associations\/gral\/adhesions\/cours-debutants-adultes-2025-2026-autres-reglements-2\">Cours d\u00e9butants adultes<\/a><\/li>\n<li><a href=\"https:\/\/www.helloasso.com\/associations\/gral\/adhesions\/cours-perfectionnement-adultes-saison-2025-2026-autres-paiements\">Cours perfectionnement adultes<\/a><\/li>\n<\/ul>\n<p><strong>Rappel certificat m\u00e9dical : <\/strong>Le certificat m\u00e9dical est obligatoire seulement pour les personnes qui r\u00e9pondent au moins OUI \u00e0 l&rsquo;une des questions du questionnaire de sant\u00e9. Pour les autres, il n&rsquo;est plus obligatoire mais vous devez attester avoir r\u00e9pondu au questionnaire de sant\u00e9. Lorsque vous aurez re\u00e7u votre licence par mail, c&rsquo;est \u00e0 vous de d\u00e9poser ces documents dans votre espace licenci\u00e9.<\/p>\n<p><strong>Attention !<\/strong> Ces informations ne concernent que les inscriptions et r\u00e9inscriptions d\u2019adultes. Pour les nouvelles inscriptions de jeunes, tous les cours sont d\u00e9j\u00e0 complets et une liste d\u2019attente est en place pour la saison 2026-2027. Merci de contacter Nathalie de la commission \u00c9cole de Jeunes \u00e0 <a href=\"mailto:nathalylozano@gmail.com\">nathalylozano@gmail.com<\/a>.<\/p>\n<p>Nous vous rappelons que la cotisation au GRAL vous permet d&rsquo;acc\u00e9der gratuitement \u00e0 l&rsquo;ensemble des structures des diff\u00e9rents clubs d&rsquo;escalade de la Mayenne pendant les cr\u00e9neaux interclubs.<\/p>\n<p>Ce nouveau fonctionnement d\u2019inscription est un test. Il sera amen\u00e9 \u00e0 \u00e9voluer les ann\u00e9es futures.<\/p>\n<p>Pour toute question concernant ce nouveau syst\u00e8me, n\u2019h\u00e9sitez pas \u00e0 contacter Marie au 06.88.64.15.63 ou par mail \u00e0 <a href=\"mailto:mtilloy@wanadoo.fr\">mtilloy@wanadoo.fr<\/a><\/p>\n<p><strong>Informations sur les cr\u00e9neaux de cours :<\/strong><\/p>\n<p>Il y aura deux cr\u00e9neaux de cours d\u00e9butant qui auront lieu :<\/p>\n<ul>\n<li>le mardi soir de 19h \u00e0 20h30 \u00e0 partir de septembre,<\/li>\n<li>le mercredi soir de 20h30 \u00e0 22h \u00e0 partir d&rsquo;octobre.<\/li>\n<\/ul>\n<p>Vous pourrez choisir votre cr\u00e9neau sur le formulaire Helloasso.<\/p>\n<p>Les cours perfectionnement auront lieu le jeudi soir de 19h10 \u00e0 20h40, une semaine sur 2 (les cours loisir et sportif ont lieu en alternance).<\/p>\n<p><a href=\"https:\/\/gral53.fr\/wp-content\/uploads\/2025\/06\/Fiche-Inscription-2025-2026.pdf\">Fiche Inscription 2025-2026<\/a><\/p>\n<p><a href=\"https:\/\/gral53.fr\/wp-content\/uploads\/2025\/06\/QUESTIONNAIRE-SANTE-ADULTES-cerfa_15699.pdf\">QUESTIONNAIRE SANTE ADULTES -cerfa_15699<\/a><\/p>\n<p><a href=\"https:\/\/gral53.fr\/wp-content\/uploads\/2023\/08\/REGLEMENT-INTERIEUR-GRAL-53.pdf\" target=\"_blank\" rel=\"noopener\">REGLEMENT INTERIEUR GRAL 53<\/a><\/p>\n<p><img decoding=\"async\" class=\"alignnone size-large wp-image-5985\" src=\"https:\/\/gral53.fr\/wp-content\/uploads\/2025\/08\/Tarifs-2025-2026-1024x711.png\" alt=\"\" width=\"1024\" height=\"711\" srcset=\"https:\/\/gral53.fr\/wp-content\/uploads\/2025\/08\/Tarifs-2025-2026-1024x711.png 1024w, https:\/\/gral53.fr\/wp-content\/uploads\/2025\/08\/Tarifs-2025-2026-300x208.png 300w, https:\/\/gral53.fr\/wp-content\/uploads\/2025\/08\/Tarifs-2025-2026-768x533.png 768w, https:\/\/gral53.fr\/wp-content\/uploads\/2025\/08\/Tarifs-2025-2026-1536x1066.png 1536w, https:\/\/gral53.fr\/wp-content\/uploads\/2025\/08\/Tarifs-2025-2026.png 1658w\" sizes=\"(max-width: 1024px) 100vw, 1024px\" \/><\/p>\n<p>&nbsp;<\/p>\n","protected":false},"excerpt":{"rendered":"<p>Adh\u00e9sion de mi-saison 1er mai &#8211; 30 juin 2026 Pour les personnes qui souhaitent rejoindre le GRAL\u00a0et prendre une adh\u00e9sion \u00e0 partir du 1er mai, les tarifs changent. L&rsquo;adh\u00e9sion passe \u00e0 170\u20ac et donne&#46;&#46;&#46;<\/p>\n","protected":false},"author":1,"featured_media":1167,"parent":0,"menu_order":0,"comment_status":"closed","ping_status":"closed","template":"","meta":{"footnotes":""},"class_list":["post-54","page","type-page","status-publish","has-post-thumbnail","hentry"],"post_mailing_queue_ids":[],"_links":{"self":[{"href":"https:\/\/gral53.fr\/index.php\/wp-json\/wp\/v2\/pages\/54","targetHints":{"allow":["GET"]}}],"collection":[{"href":"https:\/\/gral53.fr\/index.php\/wp-json\/wp\/v2\/pages"}],"about":[{"href":"https:\/\/gral53.fr\/index.php\/wp-json\/wp\/v2\/types\/page"}],"author":[{"embeddable":true,"href":"https:\/\/gral53.fr\/index.php\/wp-json\/wp\/v2\/users\/1"}],"replies":[{"embeddable":true,"href":"https:\/\/gral53.fr\/index.php\/wp-json\/wp\/v2\/comments?post=54"}],"version-history":[{"count":22,"href":"https:\/\/gral53.fr\/index.php\/wp-json\/wp\/v2\/pages\/54\/revisions"}],"predecessor-version":[{"id":6480,"href":"https:\/\/gral53.fr\/index.php\/wp-json\/wp\/v2\/pages\/54\/revisions\/6480"}],"wp:featuredmedia":[{"embeddable":true,"href":"https:\/\/gral53.fr\/index.php\/wp-json\/wp\/v2\/media\/1167"}],"wp:attachment":[{"href":"https:\/\/gral53.fr\/index.php\/wp-json\/wp\/v2\/media?parent=54"}],"curies":[{"name":"wp","href":"https:\/\/api.w.org\/{rel}","templated":true}]}}