{"id":36,"date":"2019-08-12T11:12:50","date_gmt":"2019-08-12T09:12:50","guid":{"rendered":"http:\/\/gral53.fr\/?page_id=36"},"modified":"2020-06-26T16:09:56","modified_gmt":"2020-06-26T14:09:56","slug":"acces","status":"publish","type":"page","link":"https:\/\/gral53.fr\/index.php\/acces\/","title":{"rendered":"Acc\u00e8s"},"content":{"rendered":"<p>C&rsquo;est \u00e0 la salle Jeff Lemoine que nous nous retrouvons tous les jours pour grimper.<\/p>\n<p>Salle (S.A.E.) Jeff Lemoine<br \/>\nRue des Sports<br \/>\n53 000 Laval<\/p>\n<p>Non loin de la rue Carmel \u00e0 Laval. La salle se situe sous les tribunes de l&rsquo;ancien hippodrome de Laval. L&rsquo;entr\u00e9e se fait du cot\u00e9 droit des tribunes.<\/p>\n<p>Ci-dessous un plan pour localiser la salle.<\/p>\n<p>&nbsp;<\/p>\n","protected":false},"excerpt":{"rendered":"<p>C&rsquo;est \u00e0 la salle Jeff Lemoine que nous nous retrouvons tous les jours pour grimper. Salle (S.A.E.) Jeff Lemoine Rue des Sports 53 000 Laval Non loin de la rue Carmel \u00e0 Laval. La&#46;&#46;&#46;<\/p>\n","protected":false},"author":1,"featured_media":0,"parent":0,"menu_order":0,"comment_status":"closed","ping_status":"closed","template":"","meta":{"footnotes":""},"class_list":["post-36","page","type-page","status-publish","hentry"],"post_mailing_queue_ids":[],"_links":{"self":[{"href":"https:\/\/gral53.fr\/index.php\/wp-json\/wp\/v2\/pages\/36","targetHints":{"allow":["GET"]}}],"collection":[{"href":"https:\/\/gral53.fr\/index.php\/wp-json\/wp\/v2\/pages"}],"about":[{"href":"https:\/\/gral53.fr\/index.php\/wp-json\/wp\/v2\/types\/page"}],"author":[{"embeddable":true,"href":"https:\/\/gral53.fr\/index.php\/wp-json\/wp\/v2\/users\/1"}],"replies":[{"embeddable":true,"href":"https:\/\/gral53.fr\/index.php\/wp-json\/wp\/v2\/comments?post=36"}],"version-history":[{"count":0,"href":"https:\/\/gral53.fr\/index.php\/wp-json\/wp\/v2\/pages\/36\/revisions"}],"wp:attachment":[{"href":"https:\/\/gral53.fr\/index.php\/wp-json\/wp\/v2\/media?parent=36"}],"curies":[{"name":"wp","href":"https:\/\/api.w.org\/{rel}","templated":true}]}}